
False
Is 16886 a composite number?
True
Is 522317 prime?
True
Is 2846 a prime number?
False
Is 6947 prime?
True
Is 46987 composite?
True
Is 3641 a prime number?
False
Is 6803 a composite number?
False
Is 313539 composite?
True
Is 203047 prime?
False
Is 25013 a prime number?
True
Is 3347 prime?
True
Is 397 composite?
False
Is 26083 a prime number?
True
Is 26997 prime?
False
Is 10211 prime?
True
Is 2277155 a prime number?
False
Is 147191 composite?
True
Is 3667981 a prime number?
True
Is 171527 a prime number?
False
Is 224197 composite?
False
Is 45659 composite?
False
Is 2096519 a prime number?
False
Is 1382753 composite?
False
Is 111043 composite?
False
Is 134497 prime?
False
Is 13217 prime?
True
Is 88463 prime?
True
Is 8849 a prime number?
True
Is 1499 composite?
False
Is 76091 prime?
True
Is 28961 composite?
False
Is 223987 prime?
False
Is 1249301 a prime number?
True
Is 165133 a prime number?
True
Is 3089 a composite number?
False
Is 2777 a prime number?
True
Is 4861 a composite number?
False
Is 2124289 composite?
False
Is 8885 prime?
False
Is 198449 composite?
True
Is 57103 prime?
False
Is 48731 a prime number?
True
Is 1823 composite?
False
Is 9467 a prime number?
True
Is 19438 a prime number?
False
Is 100546 prime?
False
Is 209245 composite?
True
Is 211183 a composite number?
True
Is 102721 a composite number?
True
Is 36383 composite?
False
Is 29657 composite?
True
Is 566413 a composite number?
False
Is 139 a prime number?
True
Is 98099 composite?
True
Is 94201 prime?
True
Is 49391 prime?
True
Is 38531 prime?
False
Is 71479 composite?
False
Is 41461 a composite number?
True
Is 43517 a composite number?
False
Is 2323 a composite number?
True
Is 434615 a prime number?
False
Is 15487 a prime number?
False
Is 124337 a composite number?
False
Is 4127 a composite number?
False
Is 26039 a composite number?
True
Is 29231 prime?
True
Is 293507 composite?
False
Is 16787 a composite number?
False
Is 25706 prime?
False
Is 40343 composite?
False
Is 27361 composite?
False
Is 88897 a composite number?
False
Is 3013 composite?
True
Is 14501 a prime number?
False
Is 418867 a composite number?
False
Is 50177 prime?
True
Is 5991 prime?
False
Is 1223371 a prime number?
False
Is 25733 prime?
True
Is 96643 a prime number?
True
Is 3793 a composite number?
False
Is 2220191 prime?
False
Is 4321 composite?
True
Is 100189 prime?
True
Is 287537 a composite number?
False
Is 73279 a prime number?
False
Is 468005 a composite number?
True
Is 171113 a composite number?
True
Is 571141 composite?
True
Is 183215 a prime number?
False
Is 5501 a prime number?
True
Is 18727 prime?
False
Is 252761 prime?
True
Is 288037 a composite number?
True
Is 16711 a composite number?
True
Is 676373 prime?
True
Is 15037 a prime number?
False
Is 14123 a composite number?
True
Is 2363 a composite number?
True
Is 191 composite?
False
Is 445 composite?
True
Is 1468189 prime?
True
Is 23849 composite?
True
Is 211 prime?
True
Is 500215 composite?
True
Is 6911 a prime number?
True
Is 8605 a prime number?
False
Is 559327 a composite number?
True
Is 29683 prime?
True
Is 1158279 a composite number?
True
Is 72017 prime?
False
Is 17231 composite?
False
Is 378179 composite?
False
Is 550383 a prime number?
False
Is 22213 prime?
False
Is 79109 a prime number?
False
Is 341611 composite?
True
Is 2899 composite?
True
Is 911 composite?
False
Is 12605 composite?
True
Is 5099 a composite number?
False
Is 317 composite?
False
Is 330997 prime?
True
Is 2437 a prime number?
True
Is 1404059 a prime number?
True
Is 439511 a prime number?
True
Is 968641 composite?
False
Is 61315 composite?
True
Is 13042 prime?
False
Is 110917 a prime number?
True
Is 2622229 a composite number?
False
Is 10099 a composite number?
False
Is 10301 composite?
False
Is 1257 prime?
False
Is 10471 a composite number?
True
Is 813871 a composite number?
False
Is 78691 prime?
True
Is 9293 a composite number?
False
Is 613589 prime?
False
Is 98251 composite?
False
Is 92623 a composite number?
False
Is 26914 prime?
False
Is 559597 a composite number?
False
Is 475918 prime?
False
Is 10427 a prime number?
True
Is 77917 prime?
False
Is 90995 a composite number?
True
Is 52529 composite?
False
Is 717 a prime number?
False
Is 836047 a prime number?
True
Is 2095 a composite number?
True
Is 21341 composite?
False
Is 99077 a composite number?
True
Is 2021 prime?
False
Is 1139329 a prime number?
True
Is 162413 composite?
False
Is 185253 a composite number?
True
Is 68633 a prime number?
True
Is 10315 composite?
True
Is 197683 composite?
False
Is 89603 a composite number?
False
Is 43823 a prime number?
False
Is 866 a composite number?
True
Is 647719 a composite number?
False
Is 468421 prime?
True
Is 847171 a composite number?
True
Is 4327 a composite number?
False
Is 7411 composite?
False
Is 59615 a composite number?
True
Is 47629 a prime number?
True
Is 3601 prime?
False
Is 110407 prime?
False
Is 3683 prime?
False
Is 38769 a prime number?
False
Is 2229239 composite?
False
Is 45817 prime?
True
Is 488947 a prime number?
True
Is 218579 a composite number?
False
Is 3191 prime?
True
Is 795939 a prime number?
False
Is 33841 prime?
False
Is 176017 a prime number?
True
Is 139067 prime?
True
Is 10627 a composite number?
False
Is 223 a composite number?
False
Is 684373 prime?
True
Is 454603 a prime number?
True
Is 423923 prime?
False
Is 272149 composite?
True
Is 534973 composite?
True
Is 2351441 prime?
True
Is 500057 composite?
False
Is 213209 prime?
True
Is 4739 a prime number?
False
Is 12319 prime?
False
Is 623 composite?
True
Is 536993 a composite number?
True
Is 256699 a composite number?
False
Is 859163 composite?
True
Is 99635 prime?
False
Is 896047 composite?
False
Is 113281 a composite number?
True
Is 14923 a composite number?
False
Is 5077 composite?
False
Is 131927 a composite number?
False
Is 5501 prime?
True
Is 12769 prime?
False
Is 3641 a composite number?
True
Is 1369201 composite?
False
Is 5923 a composite number?
False
Is 39191 a prime number?
True
Is 22049 composite?
True
Is 75593 a composite number?
True
Is 4751 prime?
True
Is 33959 composite?
True
Is 6373 composite?
False
Is 213143 prime?
False
Is 288371 a composite number?
True
Is 622649 a composite number?
True
Is 8511 prime?
False
Is 111721 a composite number?
False
Is 40253 a prime number?
True
Is 433037 prime?
False
Is 13643 prime?
False
Is 70111 a composite number?
False
Is 144983 a composite number?
False
Is 92951 composite?
False
Is 5383 prime?
False
Is 629 a prime number?
False
Is 803083 a composite number?
True
Is 8767 a composite number?
True
Is 6879 prime?
False
Is 56081 a composite number?
False
Is 12227 composite?
False
Is 336079 composite?
False
Is 49103 prime?
True
Is 286255 a prime number?
False
Is 28099 composite?
False
Is 4321 prime?
False
Is 39419 a composite number?
False
Is 980683 a prime number?
False
Is 2053 prime?
True
Is 46709 composite?
True
Is 60033 composite?
True
Is 30215 composite?
True
Is 900709 composite?
True
Is 72139 a composite number?
False
Is 96649 a prime number?
False
Is 83023 composite?
False
Is 30421 a prime number?
False
Is 91909 a prime number?
True
Is 115999 a prime number?
False
Is 5261 composite?
False
Is 27595 composite?
True
Is 227729 a composite number?
False
Is 792815 a prime number?
False
Is 455894 composite?
True
Is 1193 prime?
True
Is 107669 a composite number?
True
Is 15877 prime?
True
Is 197815 prime?
False
Is 77393 composite?
True
Is 38899 a prime number?
False
Is 4499 prime?
False
Is 15153 prime?
False
Is 6193 a composite number?
True
Is 157867 prime?
True
Is 220217 a composite number?
False
Is 6613 prime?
False
Is 95461 a composite number?
False
Is 30757 composite?
False
Is 164293 composite?
True
Is 42061 a prime number?
True
Is 28879 prime?
True
Is 1047721 composite?
False
Is 305209 a prime number?
True
Is 85067 a prime number?
False
Is 156109 composite?
False
Is 35747 a prime number?
True
Is 3541 prime?
True
Is 27382 prime?
False
Is 21467 prime?
True
Is 124283 a prime number?
False
Is 3346417 a prime number?
True
Is 1091807 prime?
True
Is 43661 composite?
False
Is 66221 a composite number?
False
Is 1273306 a composite number?
True
Is 35311 composite?
False
Is 1317359 a composite number?
False
Is 48878 a prime number?
False
Is 2479 a comp